re the prime factors of d?
3, 5
Suppose 79 = 3*q + 13. List the prime factors of q.
2, 11
Let p be 0/(-2 + 2 + -2). Suppose 2*c - 2*h - 22 = -p*h, -5*h + 29 = 2*c. Suppose -2*t + 15 = 3*l + 2*l, -4*l + 4*t = -c. List the prime factors of l.
3
Let r(h) = -h**2 - 2*h. Let n be r(-2). Suppose n*c + 12 = 3*c. Suppose c*g = 27 + 13. List the prime factors of g.
2, 5
Let x = 81 + 57. What are the prime factors of x?
2, 3, 23
Suppose 2*t = t + 12. What are the prime factors of t?
2, 3
Suppose -4*l = -3*r + 83, -5*r - 5*l = -6 - 74. What are the prime factors of r?
3, 7
Let k(w) = 8 + 5*w**2 - 2*w**3 + w + 5*w + w**3. Let r be k(6). Suppose 48 - r = 4*t. What are the prime factors of t?
2, 5
Suppose 6 - 15 = -3*h. Suppose 0*o + 54 = h*o - 3*x, 54 = 3*o + x. List the prime factors of o.
2, 3
Let g(p) = 13*p**2 + 21*p - 1. Let l(h) = 7*h**2 + 11*h. Let w(c) = 6*g(c) - 11*l(c). Let v be w(-7). Suppose 4*y + v = 36. List the prime factors of y.
7
Let u be (-2)/(-1)*4/8. Let r = u + -3. Let k = r - -5. List the prime factors of k.
3
Let s = -22 + 19. List the prime factors of 1 - (1 + s) - -29.
2
Suppose -5*f + 4*t + 840 = 0, -7*t - 336 = -2*f - 4*t. What are the prime factors of f?
2, 3, 7
Suppose -5*m = -3*m + 6. List the prime factors of 1/(m*2/(-72)).
2, 3
Let g be -1*5 + -1 + 4. What are the prime factors of 62/3*(-3)/g?
31
Let s = -2 - 3. Let m = s - -9. What are the prime factors of m?
2
Suppose 180 = r + 2*l, -2*r + 4*l = -469 + 69. List the prime factors of r.
2, 5, 19
Let l = -10 - -12. Let k = l + 5. List the prime factors of k.
7
Suppose p = 2*u - 1, 11 = 2*u - 4*u + 5*p. Let w(t) = t**3 + 4*t**2 - t - 4. Let i be w(-4). Let n = u - i. What are the prime factors of n?
2
Let z = -47 - -19. Let n = 40 + z. What are the prime factors of n?
2, 3
Suppose d + 0 - 4 = 0. Suppose -2*f = d*j - 30, -4*f = j - 2*f - 3. What are the prime factors of j?
3
Let j = -68 + 211. List the prime factors of j.
11, 13
Suppose 70 = w + 27. List the prime factors of w.
43
Let q be 2 + 0/(2 + 1). Suppose -5*t + q + 78 = 0. List the prime factors of t.
2
Suppose 37 + 3 = 2*b. List the prime factors of b.
2, 5
List the prime factors of 1483/11 + 2 + 4/22.
137
List the prime factors of (-86)/(-6) + 2/(-6).
2, 7
Let u(v) = -v**2 + 6*v + 9. Let g be u(7). Suppose g*h = 3*h + 58. List the prime factors of h/(-7) + (-2)/7.
2
Let o(v) = -v**3 - v**2 + v + 276. List the prime factors of o(0).
2, 3, 23
Let i = 76 - 53. List the prime factors of i.
23
Let x(z) = -4*z + 4. List the prime factors of x(-14).
2, 3, 5
Suppose 3*s = 5 + 4. Suppose s*x = 64 + 35. List the prime factors of x.
3, 11
Suppose -8 + 2 = a. Let v(i) = -i**2 - 9*i - 6. List the prime factors of v(a).
2, 3
Suppose -5*x = m + 1, -4*x + 2*m + m = 16. Let a(l) = 37*l**2 - l - 1. List the prime factors of a(x).
37
Suppose 0 = -4*r - 37 + 9. Let d = r + 21. Suppose -5*p + 50 = -3*h + d, 4*p - 5*h = 21. List the prime factors of p.
3
Suppose 0 = -3*h + 2 + 22. Suppose -2*a - 9 = -19. Let t = a + h. What are the prime factors of t?
13
Let y be 5 + -2 - (2 + 1). Suppose 2*j - 32 = -y*j. What are the prime factors of j?
2
Let c = -69 + 111. What are the prime factors of c?
2, 3, 7
Suppose -12*m + 15*m = 177. Suppose 5*q - m = -2*u, -26 = -3*u + 7*q - 2*q. What are the prime factors of u?
17
Let m(n) = -n**2 - 7*n - 5. Let c be m(-5). Let f be c + -2*(4 - 3). Suppose f*q - a = 3*a + 53, 4*a = 4*q - 64. List the prime factors of q.
11
Let u = -66 - -28. Let d = u - -69. List the prime factors of d.
31
Suppose -j - 5 - 56 = 0. Let i = 181 + j. List the prime factors of ((-2)/(-4))/(6/i).
2, 5
Let k be 26/5 - (-2)/(-10). Let i = 95 + -55. Suppose -k*j - 3 - 4 = -d, 0 = 3*d + 4*j - i. List the prime factors of d.
2, 3
Let h(y) = -4*y - 6. What are the prime factors of h(-4)?
2, 5
Let z(s) = -2*s - 11. Let l be z(-8). Let o = 10 + l. What are the prime factors of o?
3, 5
Let z(n) = n**3 - n**2 + 62. List the prime factors of z(0).
2, 31
Let r(m) = -m**3 + 6*m**2 - 3*m - 4. Let n(w) = -w**3 + 6*w**2 - 3*w - 3. Let p(h) = 5*n(h) - 4*r(h). List the prime factors of p(5).
11
Let c(f) be the third derivative of f**4/8 + 2*f**3/3 + 2*f**2. List the prime factors of c(9).
31
List the prime factors of 0 - (-123)/(6 + -3).
41
Suppose 5*r + 5 = 0, 0*a + 2*a = -r - 21. Let q = a + -5. List the prime factors of (36/q)/(-4)*25.
3, 5
Suppose -17 = -4*f + 3*f + 5*g, 5*g + 5 = -5*f. What are the prime factors of 9 - 4/f - -2?
3
Suppose 0 = -2*j - 3*j + 10. Let d = 14 - 9. Suppose 3 = -v - d*w - 0, 4*v = j*w + 54. List the prime factors of v.
2, 3
Let q(k) = 4*k - 3. Let d be q(3). Let r = -10 + d. What are the prime factors of (-16)/((-2)/r)*-2?
2
Suppose 0*x + 2*x = 8. Let f = x + 17. List the prime factors of f.
3, 7
Let i(t) = -2*t - 2. Let y(m) = m. Suppose -3*v = -0*v + 15, 23 = -4*r - 3*v. Let h be y(r). What are the prime factors of i(h)?
2
Suppose -2*b + 324 = 26. Let k = -102 + b. What are the prime factors of k?
47
Suppose 10 = 5*p - 0*p. Suppose 4*t = -3*n - p*n + 123, 3*n - 144 = -5*t. What are the prime factors of t?
3
Let g be (-1)/7 + (-22)/(-7). Suppose v - 4*t + 1 = 0, -v - 3*t - 2*t - 1 = 0. Let f = v + g. What are the prime factors of f?
2
Let c(o) = o**2 - 3*o - 1. Let p(z) = z**2 + 5*z - 2. Let t be p(-6). Let q be c(t). Suppose 3*w - q = 0, 16 = 6*r - r + w. List the prime factors of r.
3
Suppose 2*l - 95 = -17. What are the prime factors of l?
3, 13
Let k(y) be the third derivative of 3*y**2 + 0 + 1/24*y**4 + 5/6*y**3 + 0*y. List the prime factors of k(7).
2, 3
Let m = -24 - -8. Let j be 3/(-1 - m/10). Suppose -3*v + 49 = -4*u, 6*v - 13 = 3*v - j*u. What are the prime factors of v?
11
Suppose -4*r - r = -30. Suppose -r*p + 104 = -2*p. Suppose g + 2*m = 6*m + p, 5*m + 50 = 3*g. What are the prime factors of g?
2, 5
Let u = 9 + -24. Let f be 96/(-4 - -1) + (-1 - -2). Let x = u - f. What are the prime factors of x?
2
Suppose g = 6*g - 35. Suppose 2*w - g + 5 = 0. What are the prime factors of (w*12/3)/1?
2
Let v(p) = p - 2. Let x be v(-6). Suppose 5*j + 28 = 8, -2*z - j + 30 = 0. Let l = z + x. What are the prime factors of l?
3
Let m = 5 + -3. Suppose -4*c + 1 = -m*l + 3, -18 = -2*l - 4*c. Suppose 5*v - 5 = l. List the prime factors of v.
2
Let c(p) be the second derivative of -p**5/60 + p**4/3 - p**3 + p**2/2 + 2*p. Let z(u) be the first derivative of c(u). List the prime factors of z(6).
2, 3
Let b(v) = -2*v + 2. Let j be b(-3). What are the prime factors of (1*11)/(8/j)?
11
List the prime factors of 368 + 3*(4 + 25/(-5)).
5, 73
Suppose 3*z = -a + 2*a + 67, -33 = -z - 5*a. Suppose 3*h + 15 = h + 3*b, -2*b - 18 = h. Let d = z + h. What are the prime factors of d?
11
Let j = 46 + -69. Let b = 38 + j. What are the prime factors of b?
3, 5
Let u = 3 + -3. Let k = u + 11. List the prime factors of k.
11
Let r(s) = -s + 13. What are the prime factors of r(9)?
2
Suppose 8*p - 3*a - 121 = 6*p, 3*p - 134 = -5*a. Let r be 1/(-3) + 220/(-6). Let j = r + p. What are the prime factors of j?
2
Let r be 123/12 - (-1)/(-4). Suppose 6*s - 4*s = r. What are the prime factors of s?
5
Let j = 4 + 4. Suppose 4*t = -0*t + 48. Suppose q - t = j. List the prime factors of q.
2, 5
Let w(n) be the second derivative of -n**5/20 - 3*n. Let h be w(-2). Suppose -f = -h + 1. List the prime factors of f.
7
Suppose 3*v = 3*h - 2*h - 14, 2*v = h - 11. Suppose 100 = 5*t - h*w, 0*t = 5*t + w - 100. List the prime factors of t.
2, 5
Suppose -a + 6 = -15. List the prime factors of a.
3, 7
Let r = 4 + -3. Suppose -x = -7 - r. What are the prime factors of x?
2
Let s be 34/3 + (-12)/(-18). Suppose s = 3*m - m. Let v(d) = d + 3. List the prime factors of v(m).
3
Suppose 3*a = 3*o - 30, -o + 2 = -0*o + a. Let i(r) = r**3 - 5*r**2 - 7*r + 4. Let p be i(o). Let y = 13 + p. What are the prime factors of y?
11
Let w be (0 - 0) + (-8)/8. Let q = 18 - w. List the prime factors of q.
19
Let u be -2*2/4*7. Let j = u - -12. Suppose 2 = j*k - 8. What are the prime factors of k?
2
Let r(y) = -5*y - 20. What are the prime factors of r(-12)?
2, 5
Let x = -21 + 43. List the prime factors of x.
2, 11
Let s(m) = -m**2 + 6*m + 3. What are the prime factors of s(3)?
2, 3
Suppose 9*y = 5*y + 20. Let p = 8 - y. What are the prime factors of (p/4)/(5/80)?
2, 3
Suppose 5*b - 10